et i = 651 - 395. What is the highest common factor of 16 and i?
16
Let o be 1026/19 - 1*-6. Suppose 0 = 5*d - 3*s - 75, 5*d - 4*s = -2*s + 70. Calculate the highest common factor of o and d.
12
Let j = -130 - -88. Let c = j + 24. Let m = c + 48. What is the greatest common divisor of m and 12?
6
Suppose 0*n + 6 = -3*n. Let a be (n/4)/(3/(-144)). Suppose 3*d = 15 + a. What is the greatest common divisor of d and 91?
13
Let y(i) = 6*i + 2. Let c be y(2). Let s(t) = -8*t - 8. Let x be s(-2). Let b be (-4)/x*-49*4. What is the highest common divisor of b and c?
14
Let w(l) = 30*l**2 + 6*l - 3. Let s be w(-2). Calculate the highest common divisor of 140 and s.
35
Let t(j) be the third derivative of j**6/120 + j**5/20 + 32*j**3/3 + 46*j**2. Let g be t(0). What is the greatest common divisor of g and 48?
16
Let b be (154/(-88))/((-4)/64). Let m(y) = 99*y**3 - 1. Let j be m(1). What is the highest common divisor of j and b?
14
Let v(m) = -m + 15. Let s be v(11). Suppose -133 = -5*f + i, f - s*i = -3*f + 100. What is the highest common factor of 27 and f?
27
Suppose -286 + 290 = 4*q. What is the highest common factor of q and 46?
1
Suppose 4*c - 84 + 36 = 2*j, 0 = 5*c + j - 60. What is the greatest common divisor of 30 and c?
6
Let c = -36 - -44. Let x be (-10)/c*120/(-10). Calculate the greatest common factor of 60 and x.
15
Let n(l) = 7*l**2 - 2*l - 2. Let h be n(2). Suppose 48*i + 16*i = 2*i + 2728. Calculate the greatest common factor of i and h.
22
Let t be (-4)/(-3) - (-1176)/63. What is the highest common divisor of 10 and t?
10
Suppose 5*i - 2 = 3*y, 8 = -3*i + 2. Let v be 16/(-8) + y*71/(-2). Calculate the highest common divisor of v and 40.
20
Let g be (-40)/70 + (-890)/(-14). What is the highest common divisor of 315 and g?
63
Let o = -178 + 418. What is the highest common factor of o and 560?
80
Suppose 4*z - 25 = -z. Let d be 36/(-8)*4/3. Let l be (59 - d)*8/z. Calculate the greatest common factor of l and 13.
13
Let k be 0/(3/(9/(-3))) + -5. Let r be 97 + 6/(-3) - (k + 5). Calculate the highest common divisor of r and 76.
19
Let m be (1 - 4)*(-2 + -2). Suppose 3*l + 0 - 12 = 0, 5*s - 2*l - 772 = 0. Calculate the greatest common divisor of s and m.
12
Let h = -611 - -687. Calculate the greatest common divisor of 304 and h.
76
Let n(l) = l**3 + 5*l**2 + l + 1. Let p be n(-5). Let q be ((-10)/(-4) + p)/(1/(-48)). What is the highest common factor of q and 36?
36
Let a = 34 - 18. Suppose -3*i = -9*i + 96. Calculate the highest common factor of i and a.
16
Let w(x) be the second derivative of 0 - 2*x - 7/2*x**2 - 1/20*x**5 + 5/12*x**4 + 4/3*x**3. Let b be w(6). What is the greatest common factor of b and 10?
5
Let v be ((-12)/(-10))/((-9)/(-30)). Suppose -28 = -2*r - v. Let q = 20 - r. Calculate the highest common factor of 40 and q.
8
Suppose 5*p = 4*f - 875, -389 = -f - 4*p - 165. Let x be ((-2)/(-3))/((-7)/(-63)). Suppose -t = -x*t + f. What is the greatest common divisor of t and 4?
4
Suppose -4*a - 125 = 219. Let b = -41 - a. Calculate the greatest common divisor of b and 60.
15
Let m = 45 + -41. Let p be -4*(90/(-28) - m/14). Calculate the greatest common divisor of p and 2.
2
Let n(r) = -r**2 + 19*r - 18. Let y be n(15). Suppose y = 4*l + 434. Let p = 274 + l. Calculate the greatest common divisor of p and 16.
16
Let t = 35 - 33. Let g be (-1 + t)*(2 + (2 - 1)). What is the highest common divisor of g and 3?
3
Suppose 3*h = 5*p - 6846 + 2789, 3*p - 2431 = 5*h. Calculate the greatest common divisor of 14 and p.
14
Let a be (-81)/2*(-10)/5. Let k = -20 - -26. Suppose 64 - 10 = k*c. Calculate the highest common factor of a and c.
9
Suppose 109*x = 102*x + 70. What is the greatest common factor of x and 4?
2
Suppose 15 = 5*r + 5. Suppose -z = r*z - 6. Suppose 120 = 2*p + 4*i, p = -z*p + 2*i + 156. What is the highest common factor of 18 and p?
18
Suppose 1040 = m + 5*y, -4*y = -2*m + 1244 + 822. What is the greatest common factor of m and 45?
45
Suppose -5*p + 2*b + 397 = 127, 4*b = 0. Calculate the highest common factor of p and 891.
27
Let z(d) = 7*d**2 + 2*d. Let k be z(-4). Let g(c) = -c**2 + 11*c + 16. Let l be g(10). What is the highest common factor of l and k?
26
Suppose -13*j = -169 + 13. Suppose -w - 48 = -3*w. Calculate the highest common factor of w and j.
12
Let n = -14 - -31. Let b be ((-48)/9)/(4/(-114)). Let k = 220 - b. Calculate the highest common divisor of k and n.
17
Let l(y) = y**2 + 17*y + 28. Suppose 7*b = 22*b + 240. Let a be l(b). Calculate the highest common factor of a and 192.
12
Let s(b) = -b**3 + 5*b**2 + 6*b. Let c be s(6). Suppose 5*k + 16 = p, c*k = 2*p - k - 32. Calculate the highest common divisor of p and 16.
16
Let y(h) = -h**2 + 7*h + 7. Let m be y(7). Let b be 205/15 + (0 - (-2)/6). Calculate the highest common factor of m and b.
7
Let l(n) = -26*n - 15. Let r be l(-3). Suppose -r = -4*h - 3*h. What is the greatest common factor of 9 and h?
9
Let f be 15 + (-25)/5 + 3 + -1. What is the highest common factor of f and 10?
2
Suppose f = 4*g + 278, 4*g = -18*f + 17*f + 294. Calculate the greatest common divisor of 39 and f.
13
Suppose -13*d = -12*d - 5. Suppose -2*h + 5*c - 3 = 5, -d*h = 3*c - 11. Let w be 11/(-1 + -1 - -3). What is the greatest common factor of h and w?
1
Suppose -3*t = 2*t - 225. Let z = -225 - -240. What is the greatest common divisor of z and t?
15
Suppose q - 2*q = -3*y - 9, 2*q = -3*y. Suppose z - h + q = h, -4*z = -h - 9. What is the highest common divisor of 21 and z?
3
Suppose 5*h + i - 68 = 0, 0*h + i + 10 = h. Calculate the highest common factor of h and 104.
13
Suppose -43 = -z + 167. What is the highest common divisor of z and 84?
42
Let z = 57 - 26. Let q = z + 65. Suppose k - 3*k + 4*b + 64 = 0, -5*b = -k + 44. Calculate the highest common factor of k and q.
24
Suppose 0*c + 35 = 5*c. Suppose -3*i + c*i = 0. Suppose -5*b + 0*b = -5*p + 105, 3*p + 3*b - 57 = i. What is the greatest common factor of 100 and p?
20
Suppose -3*a + 2*a = 3*c - 375, c + a = 123. Suppose -j + 8*j - c = 0. What is the highest common divisor of j and 72?
18
Suppose 0 = j + 6*j - 672. Suppose 0 = i + 3*i + 20. Let d = 7 - i. Calculate the greatest common divisor of j and d.
12
Let l(y) = -4 + 3 - y**2 - 4*y - 1. Let h be l(-2). Suppose -2*z = -2 - h. What is the highest common factor of z and 2?
2
Let q be ((-17)/34)/((-2)/476). Calculate the highest common divisor of q and 7.
7
Let q = 48 - 78. Let r be -2 - (-2 + q - -1). Calculate the highest common factor of 261 and r.
29
Let n(f) = f**2 + 16*f + 32. Let a be n(-14). Suppose 0 = c + 5*i - 140, -a*c - i = -9*c + 648. Calculate the highest common divisor of 10 and c.
10
Let f be ((120/(-14))/5)/((-12)/210). Calculate the greatest common divisor of 195 and f.
15
Suppose -3*n - n + 28 = 0. Let x = -1155 - -1156. What is the highest common divisor of x and n?
1
Let u = 21 - -2. Let j = u - 22. Let l = 18 + j. Calculate the highest common factor of l and 209.
19
Let w be (-1)/5 - 31/(-5). Suppose 5*c = -5*m + 180, m - w*m - 4*c = -180. What is the greatest common divisor of m and 9?
9
Let w = 21 + -15. Suppose -4*s = -f + 7, -2*s + f = w*f + 9. Let h = s - -11. Calculate the highest common divisor of 1 and h.
1
Let s(r) = -4*r - 130. Let o be s(-50). Calculate the highest common factor of o and 175.
35
Suppose 3 + 21 = 2*s. Suppose s*q = 5*q + 196. What is the greatest common factor of q and 196?
28
Let q be 45/2 + (-7)/2 + 1. Calculate the highest common factor of 320 and q.
20
Suppose -41*x - 38 = -42*x. Let k = -104 + 270. Let s = 280 - k. What is the highest common factor of x and s?
38
Suppose 4*a + o - 210 = 0, -o = -5*o + 8. Let l = -32 + a. Suppose z + 158 = 2*c - 38, c + 5*z = 120. What is the highest common factor of c and l?
20
Let x be 2/9 + 70/9. Let i be 12/(-4) + 21 + -14. What is the highest common divisor of x and i?
4
Let h be 6/2 - 2 - -11. Let y = h + -8. Suppose 8*b + 20 = 13*b. What is the highest common factor of b and y?
4
Let y be (6 - 0)/3 - 0. Suppose -4*f = 12*f - 16. Let l be (y - 3)*(f - 39). What is the greatest common divisor of l and 57?
19
Let h = -113 + 116. Suppose 0 = 2*d - w - 191, 291 = -0*d + h*d + 3*w. Calculate the highest common factor of d and 24.
24
Let a(o) = -o**3 + 7*o**2 - 4*o + 4. Let y be a(6). Su